17. What is the greatest common factor of 24 and t?
8
Suppose 0 = h + 63 + 63. Suppose 0 = -x - u + 8, -x + 0*u + 2*u = 4. Let l be ((-8)/12)/(x/h). What is the highest common factor of 147 and l?
21
Let m(i) = -i**2 - 9*i - 11. Let k be m(-6). Let p = k + -2. Suppose 2*j - 5*j = -12, -4*c + 5*j = -60. Calculate the greatest common divisor of c and p.
5
Let x = 1715 + -1110. What is the greatest common factor of x and 165?
55
Suppose 0 = 15*b - 5*b - 50. Suppose 4*v = 3 + b, -n = -3*v. Calculate the greatest common factor of 27 and n.
3
Suppose 26 = -0*b - 13*b. Let t be (-2408)/(-63) + b/9 + -4. What is the greatest common divisor of 306 and t?
34
Suppose c + 1 - 2 = 0. Suppose 0 = 3*j + 5*o, -2*j = 6*o - 3*o - c. Suppose -j*r + 66 = -54. Calculate the greatest common factor of r and 264.
24
Suppose 3*w = 2*g - 15 + 307, -w + 100 = -2*g. Suppose 9*o - w = 264. What is the greatest common factor of o and 5?
5
Let n = -753 - -1065. What is the highest common factor of 120 and n?
24
Let x be (-14)/(5/140*-2). What is the highest common divisor of 49 and x?
49
Suppose u = 2*q + q - 67, q = -4*u + 44. Let p(d) = 131*d**3 + 2*d**2 - 1. Let i be p(1). Let b = i + -72. Calculate the greatest common factor of q and b.
12
Suppose -5*k = 3*q + 46, 4*k + 24 = 3*q - 2. Let t be (-18)/(-12)*3*k. Let m be (-27)/t - 426/(-8). Calculate the highest common factor of 36 and m.
18
Suppose 4*z = 5*f + 62, -4*f = 4*z - f - 78. Calculate the highest common factor of z and 18.
18
Let l(v) = 1. Let p(q) = q - 14. Let w(k) = 10*l(k) - 2*p(k). Let r be w(6). Calculate the highest common factor of 26 and r.
26
Suppose 5*c - 2*v - 144 = 0, -11*c = -9*c + 5*v - 46. What is the highest common factor of 98 and c?
14
Let o = 29 + 10. Calculate the highest common factor of 104 and o.
13
Suppose 2*t - 4*t = 0. Suppose t = -4*o + 8*o. Suppose o = 3*s - 5*m - 29, -2*s - 3*s = -m - 85. Calculate the highest common divisor of 12 and s.
6
Suppose 0 = -5*m, 38 + 22 = 3*q + m. What is the highest common factor of q and 140?
20
Let s be ((-4)/5)/(6*6/90). Let a be 15/((-9)/s - 3). Suppose -6*x + 2*x = -3*g + 102, 0 = 3*g + x - 87. Calculate the greatest common divisor of a and g.
10
Suppose 4*q = 16, -5 = -2*h - 2*q - 7. Let j be h/(20/(-688)) - 1. What is the highest common divisor of j and 19?
19
Let o be 0 + -2 - -3 - -139. Calculate the highest common divisor of 56 and o.
28
Suppose 0 = 3*t - 642 - 1449. Calculate the highest common divisor of t and 17.
17
Let a(m) = -m + 2. Let v be a(-9). Suppose -v*z + 3 = -10*z. Let y be 55/15*(0 + z). Calculate the highest common divisor of y and 11.
11
Suppose 0 = 5*k + 5*m - 10045, 4*m = k - m - 2033. Calculate the highest common divisor of k and 11.
11
Suppose -3 = 5*v + 2. Let k be 3/(-6)*(1 + v). Let a be 13 - (k + (1 - 3)). Calculate the greatest common factor of a and 135.
15
Let q(p) = -p**2 - 12*p + 10. Let b be q(-10). Suppose -f - 2*l + b = 0, 2*l - 7*l + 64 = 2*f. What is the highest common factor of 22 and f?
22
Let a = 85 + 55. Let h be (-2)/((-5)/(a/(-8))). Let i(b) = -2*b + 4. Let q be i(h). Calculate the greatest common divisor of q and 126.
18
Suppose -5*c + 10 = -5*i - 15, 2*i + 3 = c. Suppose -c*h + 4*h = 81. Let a be (90/27)/((-2)/h). What is the greatest common divisor of 30 and a?
15
Let a be 704/13 + 4/(-26). Suppose 3*z - 70 = -5*i, 4*i + a = -z + 3*z. Calculate the greatest common factor of z and 10.
5
Suppose 0 = 5*j - 2*j - 6. Suppose -j*s - 15 = -3*s. Let f be (-1)/(1 - s/14). What is the highest common factor of f and 28?
14
Let c = 193 + -188. Calculate the highest common divisor of c and 525.
5
Let a be (8 + -8)/(4/(-2)). Suppose a = -g + 3*w + 26, 0*w - 2*w = -4*g + 134. Calculate the highest common divisor of 175 and g.
35
Let k = 50 - -38. Suppose -i + 5*i - f - k = 0, -5*f + 64 = 4*i. Calculate the highest common divisor of 7 and i.
7
Suppose z + 57 - 78 = 0. Let v(m) = -5*m + 8. Let t be v(7). Let l = 111 + t. What is the highest common divisor of z and l?
21
Suppose 55 = -13*g + 263. What is the highest common factor of g and 6?
2
Let i(l) = -l**2 - 21*l - 68. Let q be i(-16). Calculate the highest common divisor of 44 and q.
4
Let w(o) = 5*o - 5. Let i be w(10). Suppose n = -0*n + i. Suppose -n = -3*g - 3*s, 3*g + 2*s - 13 = 7*s. Calculate the highest common factor of g and 44.
11
Suppose 50 = -8*h + 146. Let f = 149 + -89. Calculate the greatest common factor of h and f.
12
Let x = 31 + 35. Let n = -36 + x. Calculate the highest common divisor of 150 and n.
30
Suppose 5*s = 47*s - 126. Let h(y) = -y + 33. Let t be h(0). What is the greatest common divisor of s and t?
3
Let j(l) = 2*l**2 + 5*l + 2. Let d be j(-6). Let s be d/11*(1 + 0). Suppose -s*g + 13 = -3*g. What is the greatest common divisor of 13 and g?
13
Let m(l) = -44*l + 242. Let f be m(4). Calculate the highest common divisor of f and 891.
33
Suppose -1561*c - 1188 = -1567*c. What is the highest common factor of c and 36?
18
Let q be (-3069)/(-36) + (-2)/8. Calculate the greatest common factor of 5 and q.
5
Suppose 12 = 4*w - 108. Suppose 2*m = -4*z + 46, 4*z + 134 - w = 4*m. Let o be 15*1*(-4)/(-6). What is the greatest common divisor of m and o?
5
Let w = 57 - 53. Suppose 3*q = 2*q + 4*u + 79, 0 = 5*q - w*u - 379. Calculate the greatest common factor of 30 and q.
15
Let p = -224 + 318. Let y be (-6)/(-36) + p/12. Suppose j - y = -j, -4*c + 240 = 4*j. What is the greatest common divisor of c and 8?
8
Let u = -62 - -57. Let p be (u/(-6) - 15/(-90))*40. What is the greatest common divisor of 320 and p?
40
Let b be 13468/16 + 6/(-8). Suppose -5*m = -4*g + 38, -g + m = -5*g + 26. Suppose -b - 482 = -g*d. Calculate the highest common divisor of d and 21.
21
Let l(s) = -2*s**2 - 48*s + 18. Let y be l(-24). Suppose -c = -58 - 9. Suppose -113 - c = -4*v. What is the highest common divisor of y and v?
9
Let t(p) = p**2 - p - 46. Let i be t(-7). Calculate the highest common divisor of 90 and i.
10
Let k(p) = 31*p - 6. Let m be k(3). Let j be (-3 - -4)/((-9)/(-261)). Calculate the greatest common factor of m and j.
29
Suppose -12 = 3*r + 3*r. Let i be -1 - (12*r + 3). Calculate the greatest common divisor of i and 2.
2
Suppose 0 = 5*q + 5*a - 25 - 250, -222 = -4*q - 2*a. Suppose q = 2*y - 0*y. Let h = -431 - -683. Calculate the highest common factor of h and y.
28
Suppose 0 = 598*h - 607*h + 621. Calculate the greatest common divisor of h and 3.
3
Let f = -20 + 29. Suppose 2*p - f = -5*g, -6 = -p - 5*g - 4. Calculate the greatest common factor of p and 56.
7
Let w(k) = 16*k + 166. Let n be w(-10). Calculate the greatest common factor of n and 32.
2
Let o be (-3 - 14/(-4))*28. Let x(a) = -10 + 0*a + o - 1 + 5*a. Let i be x(5). What is the highest common divisor of 14 and i?
14
Suppose 0 = 8*s - 4760 - 1512. Calculate the greatest common divisor of s and 49.
49
Suppose 2*u - 4840 = -5*b + 3*u, 0 = 5*u. Calculate the greatest common factor of 88 and b.
88
Suppose -34*m = -31*m - 54. Calculate the highest common divisor of 438 and m.
6
Let w(b) = -20*b + 152. Let l be w(-2). Calculate the greatest common divisor of 120 and l.
24
Suppose 0 = -y - 3*y + 216. Suppose a + 5 = 32. Calculate the highest common factor of a and y.
27
Suppose -5*v - 22 = -2. Let k be -4 - (-54)/(v + 5). Suppose -2*y + y = -3*q + 33, -31 = -4*q - 3*y. Calculate the greatest common divisor of q and k.
10
Suppose -9*t - 736 = -13*t. Calculate the highest common divisor of t and 23.
23
Let v(o) be the third derivative of o**6/120 + o**5/5 + 17*o**4/24 - 8*o**2. Let c be v(-8). Calculate the highest common factor of c and 20.
20
Let b be -3 + -1 + 266 + 1. Let c = b - 153. Suppose 0 = -2*a + 4*l + c, -35 = -3*a + 2*a - 2*l. Calculate the greatest common divisor of a and 9.
9
Let j be -1 - -6 - (13 - 12). Suppose 0 = 4*x - 3*u + 2*u - 21, 0 = j*u - 12. Suppose -240 = -x*q + 3*q. What is the greatest common factor of 10 and q?
10
Let n = 6 - -18. Let b = 39 - 21. Suppose -2*r - b = -5*r. What is the greatest common divisor of n and r?
6
Let t = -1284 - -1302. What is the greatest common factor of t and 81?
9
Let h(a) = -a**2 - 10*a + 6. Let j be h(-6). Let l be (-15)/((-120)/(-32))*(-9)/12. Calculate the greatest common divisor of j and l.
3
Suppose 0 = 4*c - 4 - 16. Suppose g = c*g.